{"id":3,"date":"2023-09-10T13:06:18","date_gmt":"2023-09-10T13:06:18","guid":{"rendered":"https:\/\/phantastisch.eu\/?page_id=3"},"modified":"2023-09-11T09:06:06","modified_gmt":"2023-09-11T09:06:06","slug":"privacy-policy","status":"publish","type":"page","link":"https:\/\/phantastisch.eu\/index.php\/privacy-policy\/","title":{"rendered":"Datenschutzhinweise"},"content":{"rendered":"\n<h2 class=\"wp-block-heading\">Wer wir sind<\/h2>\n\n\n\n<p>Bianca Kleber<br>Am Markt 24<br>72461 Albstadt<\/p>\n\n\n\n<p>Die Adresse unserer Website ist: https:\/\/phantastisch.eu.<\/p>\n\n\n\n<h2 class=\"wp-block-heading\">Kommentare<\/h2>\n\n\n\n<p>Wenn Besucher Kommentare auf der Website schreiben, sammeln wir die Daten, die im Kommentar-Formular angezeigt werden, au\u00dferdem die IP-Adresse des Besuchers und den User-Agent-String (damit wird der Browser identifiziert), um die Erkennung von Spam zu unterst\u00fctzen.<\/p>\n\n\n\n<p>Aus deiner E-Mail-Adresse kann eine anonymisierte Zeichenfolge erstellt (auch Hash genannt) und dem Gravatar-Dienst \u00fcbergeben werden, um zu pr\u00fcfen, ob du diesen benutzt. Die Datenschutzerkl\u00e4rung des Gravatar-Dienstes findest du hier: https:\/\/automattic.com\/privacy\/. Nachdem dein Kommentar freigegeben wurde, ist dein Profilbild \u00f6ffentlich im Kontext deines Kommentars sichtbar.<\/p>\n\n\n\n<h2 class=\"wp-block-heading\">Medien<\/h2>\n\n\n\n<p>Wenn du ein registrierter Benutzer bist und Fotos auf diese Website l\u00e4dst, solltest du vermeiden, Fotos mit einem EXIF-GPS-Standort hochzuladen. Besucher dieser Website k\u00f6nnten Fotos, die auf dieser Website gespeichert sind, herunterladen und deren Standort-Informationen extrahieren.<\/p>\n\n\n\n<h2 class=\"wp-block-heading\">Cookies<\/h2>\n\n\n\n<p>Wenn du einen Kommentar auf unserer Website schreibst, kann das eine Einwilligung sein, deinen Namen, E-Mail-Adresse und Website in Cookies zu speichern. Dies ist eine Komfortfunktion, damit du nicht, wenn du einen weiteren Kommentar schreibst, all diese Daten erneut eingeben musst. Diese Cookies werden ein Jahr lang gespeichert.<\/p>\n\n\n\n<p>Falls du ein Konto hast und dich auf dieser Website anmeldest, werden wir ein tempor\u00e4res Cookie setzen, um festzustellen, ob dein Browser Cookies akzeptiert. Dieses Cookie enth\u00e4lt keine personenbezogenen Daten und wird verworfen, wenn du deinen Browser schlie\u00dft.<\/p>\n\n\n\n<p>Wenn du dich anmeldest, werden wir einige Cookies einrichten, um deine Anmeldeinformationen und Anzeigeoptionen zu speichern. Anmelde-Cookies verfallen nach zwei Tagen und Cookies f\u00fcr die Anzeigeoptionen nach einem Jahr. Falls du bei der Anmeldung \u201eAngemeldet bleiben\u201c ausw\u00e4hlst, wird deine Anmeldung zwei Wochen lang aufrechterhalten. Mit der Abmeldung aus deinem Konto werden die Anmelde-Cookies gel\u00f6scht.<\/p>\n\n\n\n<p>Wenn du einen Artikel bearbeitest oder ver\u00f6ffentlichst, wird ein zus\u00e4tzlicher Cookie in deinem Browser gespeichert. Dieser Cookie enth\u00e4lt keine personenbezogenen Daten und verweist nur auf die Beitrags-ID des Artikels, den du gerade bearbeitet hast. Der Cookie verf\u00e4llt nach einem Tag.<\/p>\n\n\n\n<h2 class=\"wp-block-heading\">Eingebettete Inhalte von anderen Websites<\/h2>\n\n\n\n<p>Beitr\u00e4ge auf dieser Website k\u00f6nnen eingebettete Inhalte beinhalten (z.&nbsp;B. Videos, Bilder, Beitr\u00e4ge etc.). Eingebettete Inhalte von anderen Websites verhalten sich exakt so, als ob der Besucher die andere Website besucht h\u00e4tte.<\/p>\n\n\n\n<p>Diese Websites k\u00f6nnen Daten \u00fcber dich sammeln, Cookies benutzen, zus\u00e4tzliche Tracking-Dienste von Dritten einbetten und deine Interaktion mit diesem eingebetteten Inhalt aufzeichnen, inklusive deiner Interaktion mit dem eingebetteten Inhalt, falls du ein Konto hast und auf dieser Website angemeldet bist.<\/p>\n\n\n\n<h2 class=\"wp-block-heading\">Mit wem wir deine Daten teilen<\/h2>\n\n\n\n<p>Wenn du eine Zur\u00fccksetzung des Passworts beantragst, wird deine IP-Adresse in der E-Mail zur Zur\u00fccksetzung enthalten sein.<\/p>\n\n\n\n<h2 class=\"wp-block-heading\">Wie lange wir deine Daten speichern<\/h2>\n\n\n\n<p>Wenn du einen Kommentar schreibst, wird dieser inklusive Metadaten zeitlich unbegrenzt gespeichert. Auf diese Art k\u00f6nnen wir Folgekommentare automatisch erkennen und freigeben, anstatt sie in einer Moderations-Warteschlange festzuhalten.<\/p>\n\n\n\n<p>F\u00fcr Benutzer, die sich auf unserer Website registrieren, speichern wir zus\u00e4tzlich die pers\u00f6nlichen Informationen, die sie in ihren Benutzerprofilen angeben. Alle Benutzer k\u00f6nnen jederzeit ihre pers\u00f6nlichen Informationen einsehen, ver\u00e4ndern oder l\u00f6schen (der Benutzername kann nicht ver\u00e4ndert werden). Administratoren der Website k\u00f6nnen diese Informationen ebenfalls einsehen und ver\u00e4ndern.<\/p>\n\n\n\n<h2 class=\"wp-block-heading\">Welche Rechte du an deinen Daten hast<\/h2>\n\n\n\n<p>Wenn du ein Konto auf dieser Website besitzt oder Kommentare geschrieben hast, kannst du einen Export deiner personenbezogenen Daten bei uns anfordern, inklusive aller Daten, die du uns mitgeteilt hast. Dar\u00fcber hinaus kannst du die L\u00f6schung aller personenbezogenen Daten, die wir von dir gespeichert haben, anfordern. Dies umfasst nicht die Daten, die wir aufgrund administrativer, rechtlicher oder sicherheitsrelevanter Notwendigkeiten aufbewahren m\u00fcssen.<\/p>\n\n\n\n<h2 class=\"wp-block-heading\">Wohin deine Daten gesendet werden<\/h2>\n\n\n\n<p>Besucher-Kommentare k\u00f6nnten von einem automatisierten Dienst zur Spam-Erkennung untersucht werden.<\/p>\n\n\n\n<h2 class=\"wp-block-heading\">Welche personenbezogenen Daten wir sammeln und warum wir sie sammeln<\/h2>\n\n\n\n<h3 class=\"wp-block-heading\">H5P<\/h3>\n\n\n\n<p><strong>Vorgeschlagener Text (Hinweis: \u201ewir\u201c und \u201eunsere(r)\u201c bedeutet f\u00fcr dich \u201edu\u201c und \u201edeine\u201c \u2013 nicht \u201eunsere\u201c!):<\/strong><\/p>\n\n\n\n<p>Wir k\u00f6nnen personenbezogene Daten \u00fcber deine Interaktionen mit&nbsp;<a href=\"https:\/\/github.com\/adlnet\/xAPI-Spec\/blob\/master\/xAPI-Data.md\" target=\"_blank\" rel=\"noreferrer noopener\">xAPI<\/a>&nbsp;verarbeiten und speichern. Wir verwenden die Daten, um zu erfahren, wie gut die Interaktionen gestaltet sind und wie sie angepasst werden k\u00f6nnen, um die Benutzerfreundlichkeit und deine Lernergebnisse zu verbessern. Die Daten werden bis auf Weiteres [auf unserer Plattform | auf einer externen Plattform] verarbeitet und gespeichert.<\/p>\n\n\n\n<p>Wir k\u00f6nnen die Ergebnisse deiner Interaktionen auf unserer Plattform bis auf Weiteres speichern. Die Ergebnisse k\u00f6nnen deine Punktzahl, die maximal m\u00f6gliche Punktzahl, wann du angefangen hast, wann du aufgeh\u00f6rt hast und wie viel Zeit du gebraucht hast, enthalten. Wir nutzen die Ergebnisse, um zu erfahren, wie gut du abgeschnitten hast und um dir Feedback zu geben.<\/p>\n\n\n\n<p>Wir k\u00f6nnen interaktive Inhalte, die du auf unserer Plattform erstellst, speichern. Au\u00dferdem k\u00f6nnen wir anonymisierte Berichte \u00fcber die Erstellung von Inhalten ohne pers\u00f6nliche Daten an die Ersteller der Plugins senden. Einzelheiten dazu findest du auf der Seite&nbsp;<a href=\"https:\/\/h5p.org\/tracking-the-usage-of-h5p\" target=\"_blank\" rel=\"noreferrer noopener\">Informationen zur H5P-Daten\u00fcbermittlung<\/a>.<\/p>\n\n\n\n<p>Wenn du interaktive Inhalte nutzt, die ein Video enthalten, das auf YouTube gehostet wird, setzt YouTube Cookies auf deinem Computer. YouTube verwendet diese Cookies, um sich und seinen Partnern zu helfen, den Verkehr auf ihren Websites zu analysieren. Einzelheiten dazu findest du unter&nbsp;<a href=\"https:\/\/policies.google.com\/privacy\">Googles Datenschutzbestimmungen<\/a>. Es liegt in unserem berechtigten Interesse, YouTube zu nutzen, da wir die Dienste von YouTube f\u00fcr unsere interaktiven Inhalte ben\u00f6tigen und dir sonst die Funktionen der Videoinhalte nicht zur Verf\u00fcgung stellen k\u00f6nnten.<\/p>\n\n\n\n<p>Wenn du interaktive Inhalte nutzt, die einen Twitter-Feed enthalten, setzt Twitter ein Cookie auf deinem Computer. Twitter verwendet diese Cookies, um sich und seinen Partnern zu helfen, ihre Werbung f\u00fcr dich relevanter zu machen. Einzelheiten dazu findest du bei&nbsp;<a href=\"https:\/\/twitter.com\/en\/privacy\">Die Datenschutzrichtlinie von Twitter<\/a>. Es liegt in unserem berechtigten Interesse, Twitter zu nutzen, da wir die Dienste von Twitter f\u00fcr unsere interaktiven Inhalte ben\u00f6tigen und sie dir sonst nicht zur Verf\u00fcgung stellen k\u00f6nnten.<\/p>\n\n\n\n<p>Wenn du interaktive Inhalte verwendest, die Spracherkennung enthalten, verarbeitet Google Cloud deine Stimme, um sie in Text umzuwandeln. Einzelheiten dazu findest du unter&nbsp;<a href=\"https:\/\/policies.google.com\/privacy\">Googles Datenschutzbestimmungen<\/a>. Es liegt in unserem berechtigten Interesse, Google Cloud zu nutzen, da wir deren Dienste f\u00fcr unsere interaktiven Inhalte ben\u00f6tigen und dir sonst die Spracherkennungsfunktionen nicht zur Verf\u00fcgung stellen k\u00f6nnten.<\/p>\n","protected":false},"excerpt":{"rendered":"<p>Wer wir sind Bianca KleberAm Markt 2472461 Albstadt Die Adresse unserer Website ist: https:\/\/phantastisch.eu. Kommentare Wenn Besucher Kommentare auf der Website schreiben, sammeln wir die Daten, die im Kommentar-Formular angezeigt werden, au\u00dferdem die IP-Adresse des Besuchers und den User-Agent-String (damit wird der Browser identifiziert), um die Erkennung von Spam zu unterst\u00fctzen. Aus deiner E-Mail-Adresse kann &hellip; <\/p>\n<p class=\"link-more\"><a href=\"https:\/\/phantastisch.eu\/index.php\/privacy-policy\/\" class=\"more-link\"><span class=\"screen-reader-text\">\u201eDatenschutzhinweise\u201c<\/span> weiterlesen<\/a><\/p>\n","protected":false},"author":1,"featured_media":0,"parent":0,"menu_order":0,"comment_status":"closed","ping_status":"closed","template":"","meta":{"footnotes":""},"class_list":["post-3","page","type-page","status-publish","hentry"],"_links":{"self":[{"href":"https:\/\/phantastisch.eu\/index.php\/wp-json\/wp\/v2\/pages\/3","targetHints":{"allow":["GET"]}}],"collection":[{"href":"https:\/\/phantastisch.eu\/index.php\/wp-json\/wp\/v2\/pages"}],"about":[{"href":"https:\/\/phantastisch.eu\/index.php\/wp-json\/wp\/v2\/types\/page"}],"author":[{"embeddable":true,"href":"https:\/\/phantastisch.eu\/index.php\/wp-json\/wp\/v2\/users\/1"}],"replies":[{"embeddable":true,"href":"https:\/\/phantastisch.eu\/index.php\/wp-json\/wp\/v2\/comments?post=3"}],"version-history":[{"count":4,"href":"https:\/\/phantastisch.eu\/index.php\/wp-json\/wp\/v2\/pages\/3\/revisions"}],"predecessor-version":[{"id":17,"href":"https:\/\/phantastisch.eu\/index.php\/wp-json\/wp\/v2\/pages\/3\/revisions\/17"}],"wp:attachment":[{"href":"https:\/\/phantastisch.eu\/index.php\/wp-json\/wp\/v2\/media?parent=3"}],"curies":[{"name":"wp","href":"https:\/\/api.w.org\/{rel}","templated":true}]}}